{"id":1863,"date":"2022-09-30T13:59:02","date_gmt":"2022-09-30T16:59:02","guid":{"rendered":"https:\/\/condo.org.br\/?post_type=radiotv&#038;p=1863"},"modified":"2022-10-03T11:53:44","modified_gmt":"2022-10-03T14:53:44","slug":"inadiavel-futuro-t01-ep02","status":"publish","type":"radiotv","link":"https:\/\/condo.org.br\/en\/radioTv\/inadiavel-futuro-t01-ep02\/","title":{"rendered":"Unstoppable Future T01 EP02"},"content":{"rendered":"<p><iframe loading=\"lazy\" src=\"https:\/\/archive.org\/embed\/inadiavelfuturo02\" width=\"500\" height=\"30\" frameborder=\"0\" allowfullscreen=\"allowfullscreen\"><span data-mce-type=\"bookmark\" style=\"display: inline-block; width: 0px; overflow: hidden; line-height: 0;\" class=\"mce_SELRES_start\"><\/span><\/iframe><\/p>\n<p>&nbsp;<\/p>\n<p>Episode 02 - \"Cond\u00f4 Ecocultural\" - Cond\u00f4 has more than a decade of history with diversified actions aimed at the community through culture, art and education. The urgency to work on environmental issues has gained strength over the years and has been highlighted by the isolation due to the COVID-19 pandemic and the imminence of a climate collapse on the planet. In this episode, we tell you a little about this history and what makes Cond\u00f4 an ecocultural space today. As well as historical research, interviews with G\u00e9ssica Arjona, Kako Guirado and Maur\u00edcio Schneider fill out the story.<\/p>","protected":false},"featured_media":1783,"template":"","meta":{"_crdt_document":"","_uag_custom_page_level_css":""},"categories":[42,44,152],"tags":[],"class_list":["post-1863","radiotv","type-radiotv","status-publish","has-post-thumbnail","hentry","category-arte-e-cultura","category-meio-ambiente","category-radiotv","Programas-inadiavel-futuro"],"acf":[],"uagb_featured_image_src":{"full":["https:\/\/condo.org.br\/wp-content\/uploads\/2022\/09\/SITE-podcast-colapso2_CA.jpg",800,533,false],"thumbnail":["https:\/\/condo.org.br\/wp-content\/uploads\/2022\/09\/SITE-podcast-colapso2_CA-150x150.jpg",150,150,true],"medium":["https:\/\/condo.org.br\/wp-content\/uploads\/2022\/09\/SITE-podcast-colapso2_CA-300x200.jpg",300,200,true],"medium_large":["https:\/\/condo.org.br\/wp-content\/uploads\/2022\/09\/SITE-podcast-colapso2_CA-768x512.jpg",768,512,true],"large":["https:\/\/condo.org.br\/wp-content\/uploads\/2022\/09\/SITE-podcast-colapso2_CA.jpg",800,533,false],"1536x1536":["https:\/\/condo.org.br\/wp-content\/uploads\/2022\/09\/SITE-podcast-colapso2_CA.jpg",800,533,false],"2048x2048":["https:\/\/condo.org.br\/wp-content\/uploads\/2022\/09\/SITE-podcast-colapso2_CA.jpg",800,533,false],"trp-custom-language-flag":["https:\/\/condo.org.br\/wp-content\/uploads\/2022\/09\/SITE-podcast-colapso2_CA.jpg",18,12,false]},"uagb_author_info":{"display_name":"Karine","author_link":"https:\/\/condo.org.br\/en\/author\/"},"uagb_comment_info":0,"uagb_excerpt":"\ufeff &nbsp; Epis\u00f3dio 02 \u2013 \u201cCond\u00f4 Ecocultural\u201d \u2013 o Cond\u00f4 tem mais de uma d\u00e9cada &hellip;","jetpack_sharing_enabled":true,"_links":{"self":[{"href":"https:\/\/condo.org.br\/en\/wp-json\/wp\/v2\/radiotv\/1863","targetHints":{"allow":["GET"]}}],"collection":[{"href":"https:\/\/condo.org.br\/en\/wp-json\/wp\/v2\/radiotv"}],"about":[{"href":"https:\/\/condo.org.br\/en\/wp-json\/wp\/v2\/types\/radiotv"}],"wp:featuredmedia":[{"embeddable":true,"href":"https:\/\/condo.org.br\/en\/wp-json\/wp\/v2\/media\/1783"}],"wp:attachment":[{"href":"https:\/\/condo.org.br\/en\/wp-json\/wp\/v2\/media?parent=1863"}],"wp:term":[{"taxonomy":"category","embeddable":true,"href":"https:\/\/condo.org.br\/en\/wp-json\/wp\/v2\/categories?post=1863"},{"taxonomy":"post_tag","embeddable":true,"href":"https:\/\/condo.org.br\/en\/wp-json\/wp\/v2\/tags?post=1863"}],"curies":[{"name":"wp","href":"https:\/\/api.w.org\/{rel}","templated":true}]}}

<p><iframe loading="lazy" src="https://archive.org/embed/inadiavelfuturo02" width="500" height="30" frameborder="0" allowfullscreen="allowfullscreen"><span data-mce-type="bookmark" style="display: inline-block; width: 0px; overflow: hidden; line-height: 0;" class="mce_SELRES_start"></span></iframe></p>
<p>&nbsp;</p>
<p>Episode 02 - "Condô Ecocultural" - Condô has more than a decade of history with diversified actions aimed at the community through culture, art and education. The urgency to work on environmental issues has gained strength over the years and has been highlighted by the isolation due to the COVID-19 pandemic and the imminence of a climate collapse on the planet. In this episode, we tell you a little about this history and what makes Condô an ecocultural space today. As well as historical research, interviews with Géssica Arjona, Kako Guirado and Maurício Schneider fill out the story.</p>

﻿ &nbsp; Episódio 02 – “Condô Ecocultural” – o Condô tem mais de uma década &hellip;
