{"id":1716,"date":"2022-09-27T15:51:05","date_gmt":"2022-09-27T18:51:05","guid":{"rendered":"https:\/\/condo.org.br\/?post_type=radiotv&#038;p=1716"},"modified":"2022-09-27T15:52:17","modified_gmt":"2022-09-27T18:52:17","slug":"o-mundo-em-torno-do-som-t01-ep01","status":"publish","type":"radiotv","link":"https:\/\/condo.org.br\/en\/radioTv\/o-mundo-em-torno-do-som-t01-ep01\/","title":{"rendered":"The World Around Sound T01 EP01"},"content":{"rendered":"<p><iframe loading=\"lazy\" src=\"https:\/\/archive.org\/embed\/omundoemtornodosom01\" width=\"500\" height=\"30\" frameborder=\"0\" allowfullscreen=\"allowfullscreen\"><span data-mce-type=\"bookmark\" style=\"display: inline-block; width: 0px; overflow: hidden; line-height: 0;\" class=\"mce_SELRES_start\"><\/span><\/iframe><\/p>\n<p>&nbsp;<\/p>\n<p>The episode features a varied selection of music from samba to Indian music. It comments on and touches on the various faces and forms of Dorival Caymmi and how he influenced and continues to influence Brazilian music. There is also a section on the relationship between Arab music and Brazilian music. This first episode is a taste of what's to come. It's a tour of some of the world's sounds and how they can and should interact.<\/p>","protected":false},"featured_media":1037,"template":"","meta":{"_crdt_document":"","_uag_custom_page_level_css":""},"categories":[42,152],"tags":[],"class_list":["post-1716","radiotv","type-radiotv","status-publish","has-post-thumbnail","hentry","category-arte-e-cultura","category-radiotv","Programas-o-mundo-em-torno-do-som"],"acf":[],"uagb_featured_image_src":{"full":["https:\/\/condo.org.br\/wp-content\/uploads\/2022\/09\/20210410_omundoemtornodosom_0001_CA.jpg",800,533,false],"thumbnail":["https:\/\/condo.org.br\/wp-content\/uploads\/2022\/09\/20210410_omundoemtornodosom_0001_CA-150x150.jpg",150,150,true],"medium":["https:\/\/condo.org.br\/wp-content\/uploads\/2022\/09\/20210410_omundoemtornodosom_0001_CA-300x200.jpg",300,200,true],"medium_large":["https:\/\/condo.org.br\/wp-content\/uploads\/2022\/09\/20210410_omundoemtornodosom_0001_CA-768x512.jpg",768,512,true],"large":["https:\/\/condo.org.br\/wp-content\/uploads\/2022\/09\/20210410_omundoemtornodosom_0001_CA.jpg",800,533,false],"1536x1536":["https:\/\/condo.org.br\/wp-content\/uploads\/2022\/09\/20210410_omundoemtornodosom_0001_CA.jpg",800,533,false],"2048x2048":["https:\/\/condo.org.br\/wp-content\/uploads\/2022\/09\/20210410_omundoemtornodosom_0001_CA.jpg",800,533,false],"trp-custom-language-flag":["https:\/\/condo.org.br\/wp-content\/uploads\/2022\/09\/20210410_omundoemtornodosom_0001_CA.jpg",18,12,false]},"uagb_author_info":{"display_name":"Karine","author_link":"https:\/\/condo.org.br\/en\/author\/"},"uagb_comment_info":0,"uagb_excerpt":"\ufeff &nbsp; O epis\u00f3dio traz uma sele\u00e7\u00e3o musical variada que passa pelo samba at\u00e9 m\u00fasica &hellip;","jetpack_sharing_enabled":true,"_links":{"self":[{"href":"https:\/\/condo.org.br\/en\/wp-json\/wp\/v2\/radiotv\/1716","targetHints":{"allow":["GET"]}}],"collection":[{"href":"https:\/\/condo.org.br\/en\/wp-json\/wp\/v2\/radiotv"}],"about":[{"href":"https:\/\/condo.org.br\/en\/wp-json\/wp\/v2\/types\/radiotv"}],"wp:featuredmedia":[{"embeddable":true,"href":"https:\/\/condo.org.br\/en\/wp-json\/wp\/v2\/media\/1037"}],"wp:attachment":[{"href":"https:\/\/condo.org.br\/en\/wp-json\/wp\/v2\/media?parent=1716"}],"wp:term":[{"taxonomy":"category","embeddable":true,"href":"https:\/\/condo.org.br\/en\/wp-json\/wp\/v2\/categories?post=1716"},{"taxonomy":"post_tag","embeddable":true,"href":"https:\/\/condo.org.br\/en\/wp-json\/wp\/v2\/tags?post=1716"}],"curies":[{"name":"wp","href":"https:\/\/api.w.org\/{rel}","templated":true}]}}

﻿ &nbsp; O episódio traz uma seleção musical variada que passa pelo samba até música &hellip;
