{"id":1538,"date":"2022-09-22T13:42:55","date_gmt":"2022-09-22T16:42:55","guid":{"rendered":"https:\/\/condo.org.br\/?post_type=radiotv&#038;p=1538"},"modified":"2022-09-23T13:32:33","modified_gmt":"2022-09-23T16:32:33","slug":"voce-tem-fome-de-que-t01-ep07","status":"publish","type":"radiotv","link":"https:\/\/condo.org.br\/en\/radioTv\/voce-tem-fome-de-que-t01-ep07\/","title":{"rendered":"What are you hungry for? T01 EP07"},"content":{"rendered":"<p><iframe loading=\"lazy\" src=\"https:\/\/archive.org\/embed\/20201205-fome-0007\" width=\"500\" height=\"30\" frameborder=\"0\" allowfullscreen=\"allowfullscreen\"><span data-mce-type=\"bookmark\" style=\"display: inline-block; width: 0px; overflow: hidden; line-height: 0;\" class=\"mce_SELRES_start\"><\/span><\/iframe><\/p>\n<p>&nbsp;<\/p>\n<p>In this episode we talk to an inspiring couple, Jo\u00e3o Rockett and Tatiana Ca\u00e7avana, about living in the countryside, autonomy, freedom, GDP and much more! We'll also hear music from Trupe Ch\u00e1 de Boldo, Meno Del Picchia, Marietta and Lucas Martins, all artists from the neighborhood!<\/p>\n<p>&nbsp;<\/p>\n<p>Coordinators of the Permaculture Institute of the pampa Instituto Rama, Jo\u00e3o has been working as a permaculturist for 20 years, certified by Bill Mollison. He was the creator and founder of the BioNatur ecological seed project and has been working with seeds and organic food for over 30 years. Tatiana is a designer and industrial planner, permaculturist and agronomist with a specialization in Biodynamic Agriculture, as well as the founder of the Rama School for integral education.<\/p>\n<p>&nbsp;<\/p>\n<p>Program hashtags: #projetocomidaecultura #ramapermacultura #comerepensar #vivernocampo #sistemasalimentaressustentaveis #autonomia #liberdade @rama.permacultura @escola.rama<\/p>\n<p>@projetocomidaecultura<\/p>","protected":false},"featured_media":1199,"template":"","meta":{"_crdt_document":"","_uag_custom_page_level_css":""},"categories":[44,152],"tags":[],"class_list":["post-1538","radiotv","type-radiotv","status-publish","has-post-thumbnail","hentry","category-meio-ambiente","category-radiotv","Programas-voce-tem-fome-de-que"],"acf":[],"uagb_featured_image_src":{"full":["https:\/\/condo.org.br\/wp-content\/uploads\/2022\/09\/VoceTemFomeDeQue07_CA.jpg",800,533,false],"thumbnail":["https:\/\/condo.org.br\/wp-content\/uploads\/2022\/09\/VoceTemFomeDeQue07_CA-150x150.jpg",150,150,true],"medium":["https:\/\/condo.org.br\/wp-content\/uploads\/2022\/09\/VoceTemFomeDeQue07_CA-300x200.jpg",300,200,true],"medium_large":["https:\/\/condo.org.br\/wp-content\/uploads\/2022\/09\/VoceTemFomeDeQue07_CA-768x512.jpg",768,512,true],"large":["https:\/\/condo.org.br\/wp-content\/uploads\/2022\/09\/VoceTemFomeDeQue07_CA.jpg",800,533,false],"1536x1536":["https:\/\/condo.org.br\/wp-content\/uploads\/2022\/09\/VoceTemFomeDeQue07_CA.jpg",800,533,false],"2048x2048":["https:\/\/condo.org.br\/wp-content\/uploads\/2022\/09\/VoceTemFomeDeQue07_CA.jpg",800,533,false],"trp-custom-language-flag":["https:\/\/condo.org.br\/wp-content\/uploads\/2022\/09\/VoceTemFomeDeQue07_CA.jpg",18,12,false]},"uagb_author_info":{"display_name":"Karine","author_link":"https:\/\/condo.org.br\/en\/author\/"},"uagb_comment_info":0,"uagb_excerpt":"\ufeff &nbsp; Neste epis\u00f3dio conversamos com um casal inspirador, Jo\u00e3o Rockett e Tatiana Ca\u00e7avana, sobre &hellip;","jetpack_sharing_enabled":true,"_links":{"self":[{"href":"https:\/\/condo.org.br\/en\/wp-json\/wp\/v2\/radiotv\/1538","targetHints":{"allow":["GET"]}}],"collection":[{"href":"https:\/\/condo.org.br\/en\/wp-json\/wp\/v2\/radiotv"}],"about":[{"href":"https:\/\/condo.org.br\/en\/wp-json\/wp\/v2\/types\/radiotv"}],"wp:featuredmedia":[{"embeddable":true,"href":"https:\/\/condo.org.br\/en\/wp-json\/wp\/v2\/media\/1199"}],"wp:attachment":[{"href":"https:\/\/condo.org.br\/en\/wp-json\/wp\/v2\/media?parent=1538"}],"wp:term":[{"taxonomy":"category","embeddable":true,"href":"https:\/\/condo.org.br\/en\/wp-json\/wp\/v2\/categories?post=1538"},{"taxonomy":"post_tag","embeddable":true,"href":"https:\/\/condo.org.br\/en\/wp-json\/wp\/v2\/tags?post=1538"}],"curies":[{"name":"wp","href":"https:\/\/api.w.org\/{rel}","templated":true}]}}

<p><iframe loading="lazy" src="https://archive.org/embed/20201205-fome-0007" width="500" height="30" frameborder="0" allowfullscreen="allowfullscreen"><span data-mce-type="bookmark" style="display: inline-block; width: 0px; overflow: hidden; line-height: 0;" class="mce_SELRES_start"></span></iframe></p>
<p>&nbsp;</p>
<p>In this episode we talk to an inspiring couple, João Rockett and Tatiana Caçavana, about living in the countryside, autonomy, freedom, GDP and much more! We'll also hear music from Trupe Chá de Boldo, Meno Del Picchia, Marietta and Lucas Martins, all artists from the neighborhood!</p>
<p>&nbsp;</p>
<p>Coordinators of the Permaculture Institute of the pampa Instituto Rama, João has been working as a permaculturist for 20 years, certified by Bill Mollison. He was the creator and founder of the BioNatur ecological seed project and has been working with seeds and organic food for over 30 years. Tatiana is a designer and industrial planner, permaculturist and agronomist with a specialization in Biodynamic Agriculture, as well as the founder of the Rama School for integral education.</p>
<p>&nbsp;</p>
<p>Program hashtags: #projetocomidaecultura #ramapermacultura #comerepensar #vivernocampo #sistemasalimentaressustentaveis #autonomia #liberdade @rama.permacultura @escola.rama</p>
<p>@projetocomidaecultura</p>

﻿ &nbsp; Neste episódio conversamos com um casal inspirador, João Rockett e Tatiana Caçavana, sobre &hellip;
