{"id":1476,"date":"2022-09-22T10:35:49","date_gmt":"2022-09-22T13:35:49","guid":{"rendered":"https:\/\/condo.org.br\/?post_type=radiotv&#038;p=1476"},"modified":"2022-09-23T13:14:03","modified_gmt":"2022-09-23T16:14:03","slug":"inventores-de-memorias-t01-ep03","status":"publish","type":"radiotv","link":"https:\/\/condo.org.br\/en\/radioTv\/inventores-de-memorias-t01-ep03\/","title":{"rendered":"Inventors of Memories T01 EP03"},"content":{"rendered":"<p><iframe loading=\"lazy\" src=\"https:\/\/archive.org\/embed\/inventoresdememorias03\" width=\"640\" height=\"480\" frameborder=\"0\" allowfullscreen=\"allowfullscreen\"><\/iframe><\/p>\n<p>&nbsp;<\/p>\n<p>In this episode we invent memories with Sheyla Melo and Tam\u00e1 Freire.<\/p>\n<p>Sheyla, an educator and journalist, a feminist activist from Guaianases, in the East Zone of S\u00e3o Paulo, tells us about her daily experience of fighting for women's voices. Tam\u00e1 is an educator and multiplier of the power of popular culture through Seu Teodoro's Bumba Meu Boi and Bumba Maria Meu Boi, in Sobradinho-DF.<\/p>","protected":false},"featured_media":1127,"template":"","meta":{"_crdt_document":"","_uag_custom_page_level_css":""},"categories":[42,152],"tags":[],"class_list":["post-1476","radiotv","type-radiotv","status-publish","has-post-thumbnail","hentry","category-arte-e-cultura","category-radiotv","Programas-inventores-de-memoria"],"acf":[],"uagb_featured_image_src":{"full":["https:\/\/condo.org.br\/wp-content\/uploads\/2022\/09\/InventoresDeMemoriasT01_03_CA.jpg",800,533,false],"thumbnail":["https:\/\/condo.org.br\/wp-content\/uploads\/2022\/09\/InventoresDeMemoriasT01_03_CA-150x150.jpg",150,150,true],"medium":["https:\/\/condo.org.br\/wp-content\/uploads\/2022\/09\/InventoresDeMemoriasT01_03_CA-300x200.jpg",300,200,true],"medium_large":["https:\/\/condo.org.br\/wp-content\/uploads\/2022\/09\/InventoresDeMemoriasT01_03_CA-768x512.jpg",768,512,true],"large":["https:\/\/condo.org.br\/wp-content\/uploads\/2022\/09\/InventoresDeMemoriasT01_03_CA.jpg",800,533,false],"1536x1536":["https:\/\/condo.org.br\/wp-content\/uploads\/2022\/09\/InventoresDeMemoriasT01_03_CA.jpg",800,533,false],"2048x2048":["https:\/\/condo.org.br\/wp-content\/uploads\/2022\/09\/InventoresDeMemoriasT01_03_CA.jpg",800,533,false],"trp-custom-language-flag":["https:\/\/condo.org.br\/wp-content\/uploads\/2022\/09\/InventoresDeMemoriasT01_03_CA.jpg",18,12,false]},"uagb_author_info":{"display_name":"Karine","author_link":"https:\/\/condo.org.br\/en\/author\/"},"uagb_comment_info":0,"uagb_excerpt":"&nbsp; Nesse epis\u00f3dio inventamos mem\u00f3rias com Sheyla Melo e Tam\u00e1 Freire. Sheyla, educadora e jornalista, &hellip;","jetpack_sharing_enabled":true,"_links":{"self":[{"href":"https:\/\/condo.org.br\/en\/wp-json\/wp\/v2\/radiotv\/1476","targetHints":{"allow":["GET"]}}],"collection":[{"href":"https:\/\/condo.org.br\/en\/wp-json\/wp\/v2\/radiotv"}],"about":[{"href":"https:\/\/condo.org.br\/en\/wp-json\/wp\/v2\/types\/radiotv"}],"wp:featuredmedia":[{"embeddable":true,"href":"https:\/\/condo.org.br\/en\/wp-json\/wp\/v2\/media\/1127"}],"wp:attachment":[{"href":"https:\/\/condo.org.br\/en\/wp-json\/wp\/v2\/media?parent=1476"}],"wp:term":[{"taxonomy":"category","embeddable":true,"href":"https:\/\/condo.org.br\/en\/wp-json\/wp\/v2\/categories?post=1476"},{"taxonomy":"post_tag","embeddable":true,"href":"https:\/\/condo.org.br\/en\/wp-json\/wp\/v2\/tags?post=1476"}],"curies":[{"name":"wp","href":"https:\/\/api.w.org\/{rel}","templated":true}]}}

<p><iframe loading="lazy" src="https://archive.org/embed/inventoresdememorias03" width="640" height="480" frameborder="0" allowfullscreen="allowfullscreen"></iframe></p>
<p>&nbsp;</p>
<p>In this episode we invent memories with Sheyla Melo and Tamá Freire.</p>
<p>Sheyla, an educator and journalist, a feminist activist from Guaianases, in the East Zone of São Paulo, tells us about her daily experience of fighting for women's voices. Tamá is an educator and multiplier of the power of popular culture through Seu Teodoro's Bumba Meu Boi and Bumba Maria Meu Boi, in Sobradinho-DF.</p>

&nbsp; Nesse episódio inventamos memórias com Sheyla Melo e Tamá Freire. Sheyla, educadora e jornalista, &hellip;
