{"id":1458,"date":"2022-09-21T16:28:38","date_gmt":"2022-09-21T19:28:38","guid":{"rendered":"https:\/\/condo.org.br\/?post_type=radiotv&#038;p=1458"},"modified":"2022-09-23T13:10:53","modified_gmt":"2022-09-23T16:10:53","slug":"imaginarios-t01-ep02","status":"publish","type":"radiotv","link":"https:\/\/condo.org.br\/en\/radioTv\/imaginarios-t01-ep02\/","title":{"rendered":"Imaginaries T01 EP02"},"content":{"rendered":"<p><iframe loading=\"lazy\" src=\"https:\/\/archive.org\/embed\/imaginarios02\" width=\"640\" height=\"480\" frameborder=\"0\" allowfullscreen=\"allowfullscreen\"><\/iframe><\/p>\n<p>&nbsp;<\/p>\n<p>Gil Mar\u00e7al is a Cultural Manager and Producer, LGBTQI activist, with experience in Cultural Citizenship Programs and Public Policies. He coordinated the VAI Program (Valorization of Cultural Initiatives) and set up the Cultural Citizenship area of the S\u00e3o Paulo Municipal Department of Culture. He was a representative of the Ministry of Culture in S\u00e3o Paulo, Director of Arts in the City of Osasco, coordinated the Luiz Carlos Ruas LGBTQI Citizenship Center (Consola\u00e7\u00e3o), was Manager of Educational Programs at the Instituto Criar de TV, Cinema e Novas M\u00eddias and today works in the elaboration of Cultural Policies and Projects.<\/p>\n<p>The Aldir Blanc Cultural Emergency Law No. 14.017 was created with the aim of promoting actions to guarantee an emergency income for cultural workers, maintenance of Brazilian cultural spaces and cultural notices during the Covid-19 pandemic.<\/p>\n<p>@gilculturasp<\/p>","protected":false},"featured_media":1117,"template":"","meta":{"_crdt_document":"","_uag_custom_page_level_css":""},"categories":[44,152],"tags":[],"class_list":["post-1458","radiotv","type-radiotv","status-publish","has-post-thumbnail","hentry","category-meio-ambiente","category-radiotv","Programas-imaginarios"],"acf":[],"uagb_featured_image_src":{"full":["https:\/\/condo.org.br\/wp-content\/uploads\/2022\/09\/Imaginarios02_CA.jpg",800,533,false],"thumbnail":["https:\/\/condo.org.br\/wp-content\/uploads\/2022\/09\/Imaginarios02_CA-150x150.jpg",150,150,true],"medium":["https:\/\/condo.org.br\/wp-content\/uploads\/2022\/09\/Imaginarios02_CA-300x200.jpg",300,200,true],"medium_large":["https:\/\/condo.org.br\/wp-content\/uploads\/2022\/09\/Imaginarios02_CA-768x512.jpg",768,512,true],"large":["https:\/\/condo.org.br\/wp-content\/uploads\/2022\/09\/Imaginarios02_CA.jpg",800,533,false],"1536x1536":["https:\/\/condo.org.br\/wp-content\/uploads\/2022\/09\/Imaginarios02_CA.jpg",800,533,false],"2048x2048":["https:\/\/condo.org.br\/wp-content\/uploads\/2022\/09\/Imaginarios02_CA.jpg",800,533,false],"trp-custom-language-flag":["https:\/\/condo.org.br\/wp-content\/uploads\/2022\/09\/Imaginarios02_CA.jpg",18,12,false]},"uagb_author_info":{"display_name":"Karine","author_link":"https:\/\/condo.org.br\/en\/author\/"},"uagb_comment_info":0,"uagb_excerpt":"&nbsp; Gil Mar\u00e7al \u00e9 Gestor e Produtor Cultural, militante LGBTQI, com experi\u00eancia em Programas e &hellip;","jetpack_sharing_enabled":true,"_links":{"self":[{"href":"https:\/\/condo.org.br\/en\/wp-json\/wp\/v2\/radiotv\/1458","targetHints":{"allow":["GET"]}}],"collection":[{"href":"https:\/\/condo.org.br\/en\/wp-json\/wp\/v2\/radiotv"}],"about":[{"href":"https:\/\/condo.org.br\/en\/wp-json\/wp\/v2\/types\/radiotv"}],"wp:featuredmedia":[{"embeddable":true,"href":"https:\/\/condo.org.br\/en\/wp-json\/wp\/v2\/media\/1117"}],"wp:attachment":[{"href":"https:\/\/condo.org.br\/en\/wp-json\/wp\/v2\/media?parent=1458"}],"wp:term":[{"taxonomy":"category","embeddable":true,"href":"https:\/\/condo.org.br\/en\/wp-json\/wp\/v2\/categories?post=1458"},{"taxonomy":"post_tag","embeddable":true,"href":"https:\/\/condo.org.br\/en\/wp-json\/wp\/v2\/tags?post=1458"}],"curies":[{"name":"wp","href":"https:\/\/api.w.org\/{rel}","templated":true}]}}

<p><iframe loading="lazy" src="https://archive.org/embed/imaginarios02" width="640" height="480" frameborder="0" allowfullscreen="allowfullscreen"></iframe></p>
<p>&nbsp;</p>
<p>Gil Marçal is a Cultural Manager and Producer, LGBTQI activist, with experience in Cultural Citizenship Programs and Public Policies. He coordinated the VAI Program (Valorization of Cultural Initiatives) and set up the Cultural Citizenship area of the São Paulo Municipal Department of Culture. He was a representative of the Ministry of Culture in São Paulo, Director of Arts in the City of Osasco, coordinated the Luiz Carlos Ruas LGBTQI Citizenship Center (Consolação), was Manager of Educational Programs at the Instituto Criar de TV, Cinema e Novas Mídias and today works in the elaboration of Cultural Policies and Projects.</p>
<p>The Aldir Blanc Cultural Emergency Law No. 14.017 was created with the aim of promoting actions to guarantee an emergency income for cultural workers, maintenance of Brazilian cultural spaces and cultural notices during the Covid-19 pandemic.</p>
<p>@gilculturasp</p>

&nbsp; Gil Marçal é Gestor e Produtor Cultural, militante LGBTQI, com experiência em Programas e &hellip;
