{"id":2460,"date":"2023-04-05T17:33:41","date_gmt":"2023-04-05T20:33:41","guid":{"rendered":"https:\/\/condo.org.br\/?post_type=programacao&#038;p=2460"},"modified":"2023-04-05T17:33:41","modified_gmt":"2023-04-05T20:33:41","slug":"fermentacao-de-vegetais","status":"publish","type":"programacao","link":"https:\/\/condo.org.br\/en\/programacao\/fermentacao-de-vegetais\/","title":{"rendered":"Vegetable Fermentation"},"content":{"rendered":"<h3>Vegetable Fermentation Taught by Vitor Bar\u00e3o and Carolina Coronato<\/h3>\n<p><b>\u00a0<\/b><span style=\"font-weight: 400;\">Participants will be invited to take an investigative look at plants from a workshop and create their own compositions of colors, aromas and flavors in lacto-fermentation processes. They will also learn about the control of unwanted microorganisms, methods and care. The students will take home a pickle, sauerkraut and a home fermenter.\u00a0<\/span><\/p>\n<h4><strong>Day: Monday, April 10, 2022<\/strong><\/h4>\n<h4><strong>Time: 7:30 p.m. to 10 p.m.<\/strong><\/h4>\n<h4><strong>Price: 215.00 (with material included)<\/strong><\/h4>\n<h4 dir=\"ltr\"><\/h4>\n<p>&nbsp;<\/p>\n<h4 dir=\"ltr\">Information and registration by e-mail: barao.vb@gmail.com<\/h4>\n<p>&nbsp;<\/p>\n<p>*If you are interested in enrolling and cannot afford the proposed fee, please contact us and we may be able to offer you a scholarship.<\/p>","protected":false},"excerpt":{"rendered":"<p>In this workshop taught by Vitor Bar\u00e3o and Carolina Coronato, participants will be invited to take an investigative look at plants from a studio and create their own compositions of colors, aromas and flavors in lacto-fermentation processes.<\/p>","protected":false},"featured_media":2423,"template":"","meta":{"_crdt_document":"","_uag_custom_page_level_css":""},"categories":[18,22],"tags":[125,230],"class_list":["post-2460","programacao","type-programacao","status-publish","has-post-thumbnail","hentry","category-arquivo","category-programacao","tag-agrofloresta","tag-oficinas"],"acf":[],"uagb_featured_image_src":{"full":["https:\/\/condo.org.br\/wp-content\/uploads\/2023\/03\/20230306_CONDO_OFICINAS-03-13.jpg",800,800,false],"thumbnail":["https:\/\/condo.org.br\/wp-content\/uploads\/2023\/03\/20230306_CONDO_OFICINAS-03-13-150x150.jpg",150,150,true],"medium":["https:\/\/condo.org.br\/wp-content\/uploads\/2023\/03\/20230306_CONDO_OFICINAS-03-13-300x300.jpg",300,300,true],"medium_large":["https:\/\/condo.org.br\/wp-content\/uploads\/2023\/03\/20230306_CONDO_OFICINAS-03-13-768x768.jpg",768,768,true],"large":["https:\/\/condo.org.br\/wp-content\/uploads\/2023\/03\/20230306_CONDO_OFICINAS-03-13.jpg",800,800,false],"1536x1536":["https:\/\/condo.org.br\/wp-content\/uploads\/2023\/03\/20230306_CONDO_OFICINAS-03-13.jpg",800,800,false],"2048x2048":["https:\/\/condo.org.br\/wp-content\/uploads\/2023\/03\/20230306_CONDO_OFICINAS-03-13.jpg",800,800,false],"trp-custom-language-flag":["https:\/\/condo.org.br\/wp-content\/uploads\/2023\/03\/20230306_CONDO_OFICINAS-03-13-12x12.jpg",12,12,true]},"uagb_author_info":{"display_name":"Karine","author_link":"https:\/\/condo.org.br\/en\/author\/"},"uagb_comment_info":0,"uagb_excerpt":"Nesta oficina ministrada por Vitor Bar\u00e3o e Carolina Coronato, os participantes ser\u00e3o convidados a um olhar investigativo para as plantas a partir de um ateli\u00ea e criar\u00e3o suas pr\u00f3prias composi\u00e7\u00f5es de cores, aromas e sabores em processos de lactofermenta\u00e7\u00e3o.","jetpack_sharing_enabled":true,"_links":{"self":[{"href":"https:\/\/condo.org.br\/en\/wp-json\/wp\/v2\/programacao\/2460","targetHints":{"allow":["GET"]}}],"collection":[{"href":"https:\/\/condo.org.br\/en\/wp-json\/wp\/v2\/programacao"}],"about":[{"href":"https:\/\/condo.org.br\/en\/wp-json\/wp\/v2\/types\/programacao"}],"wp:featuredmedia":[{"embeddable":true,"href":"https:\/\/condo.org.br\/en\/wp-json\/wp\/v2\/media\/2423"}],"wp:attachment":[{"href":"https:\/\/condo.org.br\/en\/wp-json\/wp\/v2\/media?parent=2460"}],"wp:term":[{"taxonomy":"category","embeddable":true,"href":"https:\/\/condo.org.br\/en\/wp-json\/wp\/v2\/categories?post=2460"},{"taxonomy":"post_tag","embeddable":true,"href":"https:\/\/condo.org.br\/en\/wp-json\/wp\/v2\/tags?post=2460"}],"curies":[{"name":"wp","href":"https:\/\/api.w.org\/{rel}","templated":true}]}}

<h3>Vegetable Fermentation Taught by Vitor Barão and Carolina Coronato</h3>
<p><b> </b><span style="font-weight: 400;">Participants will be invited to take an investigative look at plants from a workshop and create their own compositions of colors, aromas and flavors in lacto-fermentation processes. They will also learn about the control of unwanted microorganisms, methods and care. The students will take home a pickle, sauerkraut and a home fermenter. </span></p>
<h4><strong>Day: Monday, April 10, 2022</strong></h4>
<h4><strong>Time: 7:30 p.m. to 10 p.m.</strong></h4>
<h4><strong>Price: 215.00 (with material included)</strong></h4>
<h4 dir="ltr"></h4>
<p>&nbsp;</p>
<h4 dir="ltr">Information and registration by e-mail: barao.vb@gmail.com</h4>
<p>&nbsp;</p>
<p>*If you are interested in enrolling and cannot afford the proposed fee, please contact us and we may be able to offer you a scholarship.</p>

<p>In this workshop taught by Vitor Barão and Carolina Coronato, participants will be invited to take an investigative look at plants from a studio and create their own compositions of colors, aromas and flavors in lacto-fermentation processes.</p>

Nesta oficina ministrada por Vitor Barão e Carolina Coronato, os participantes serão convidados a um olhar investigativo para as plantas a partir de um ateliê e criarão suas próprias composições de cores, aromas e sabores em processos de lactofermentação.
