{"id":3366,"date":"2023-11-29T17:23:27","date_gmt":"2023-11-29T20:23:27","guid":{"rendered":"https:\/\/condo.org.br\/?post_type=associados&amp;p=2639"},"modified":"2023-11-29T17:23:27","modified_gmt":"2023-11-29T20:23:27","slug":"lissa-sakajiri","status":"publish","type":"associados","link":"https:\/\/condo.org.br\/en\/pessoas-associadas\/lissa-sakajiri\/","title":{"rendered":"Lissa Sakajiri"},"content":{"rendered":"<p><span data-sheets-root=\"1\" data-sheets-value=\"{&quot;1&quot;:2,&quot;2&quot;:&quot;Natural de S\u00e3o Paulo, \u00e9 artista visual, designer e ilustradora. Bacharel (2012) e mestra em po\u00e9ticas visuais pela ECA - USP (2020). De 2013 a 2016 trabalhou na Biblioteca M\u00e1rio de Andrade com a produ\u00e7\u00e3o de exposi\u00e7\u00f5es, eventos culturais e na elabora\u00e7\u00e3o do novo projeto gr\u00e1fico e diagrama\u00e7\u00e3o da Revista da BMA. \u00c9 s\u00f3cio-fundadora da Devora editorial, pela qual publicou dois livros de fotografia, o \\&quot;Vermelha Linha\\&quot; e o \\&quot;Casa da v\u00f3\\&quot;. Em 2023 vai lan\u00e7ar seu primeiro livro autoral ilustrado \\&quot;Canjica\\&quot;. Atua profissionalmente como diretora de arte e designer na SM Educa\u00e7\u00e3o. &quot;}\" data-sheets-userformat=\"{&quot;2&quot;:513,&quot;3&quot;:{&quot;1&quot;:0},&quot;12&quot;:0}\">Born in S\u00e3o Paulo, she is a visual artist, designer and illustrator. She holds a bachelor's degree (2012) and a master's degree in visual poetics from ECA - USP (2020). From 2013 to 2016, she worked at the M\u00e1rio de Andrade Library producing exhibitions, cultural events and designing the new graphic project and layout for the BMA Magazine. She is a founding partner of Devora editorial, through which she has published two photography books, \"Vermelha Linha\" and \"Casa da V\u00f3\". In 2023 she will release her first illustrated book \"Canjica\". She works professionally as an art director and designer at SM Educa\u00e7\u00e3o. <\/span><\/p>\n<p><a href=\"https:\/\/www.instagram.com\/lissasakajiri\/\">@lissasakajir<\/a><\/p>\n<p><a href=\"https:\/\/www.instagram.com\/lissa_sakajiri_ilustra\/\">@lissa_sakajiri <\/a><\/p>\n<p>&nbsp;<\/p>","protected":false},"featured_media":2630,"template":"","meta":{"_crdt_document":"","_uag_custom_page_level_css":""},"class_list":["post-3366","associados","type-associados","status-publish","has-post-thumbnail","hentry"],"acf":[],"uagb_featured_image_src":{"full":["https:\/\/condo.org.br\/wp-content\/uploads\/2023\/11\/Devora_Produtos-gabriela-lissa-Sakajiri-1.jpg",800,533,false],"thumbnail":["https:\/\/condo.org.br\/wp-content\/uploads\/2023\/11\/Devora_Produtos-gabriela-lissa-Sakajiri-1-150x150.jpg",150,150,true],"medium":["https:\/\/condo.org.br\/wp-content\/uploads\/2023\/11\/Devora_Produtos-gabriela-lissa-Sakajiri-1-300x200.jpg",300,200,true],"medium_large":["https:\/\/condo.org.br\/wp-content\/uploads\/2023\/11\/Devora_Produtos-gabriela-lissa-Sakajiri-1-768x512.jpg",768,512,true],"large":["https:\/\/condo.org.br\/wp-content\/uploads\/2023\/11\/Devora_Produtos-gabriela-lissa-Sakajiri-1.jpg",800,533,false],"1536x1536":["https:\/\/condo.org.br\/wp-content\/uploads\/2023\/11\/Devora_Produtos-gabriela-lissa-Sakajiri-1.jpg",800,533,false],"2048x2048":["https:\/\/condo.org.br\/wp-content\/uploads\/2023\/11\/Devora_Produtos-gabriela-lissa-Sakajiri-1.jpg",800,533,false],"trp-custom-language-flag":["https:\/\/condo.org.br\/wp-content\/uploads\/2023\/11\/Devora_Produtos-gabriela-lissa-Sakajiri-1-18x12.jpg",18,12,true]},"uagb_author_info":{"display_name":"burns","author_link":"https:\/\/condo.org.br\/en\/author\/"},"uagb_comment_info":0,"uagb_excerpt":"Natural de S\u00e3o Paulo, \u00e9 artista visual, designer e ilustradora. Bacharel (2012) e mestra em &hellip;","jetpack_sharing_enabled":true,"_links":{"self":[{"href":"https:\/\/condo.org.br\/en\/wp-json\/wp\/v2\/associados\/3366","targetHints":{"allow":["GET"]}}],"collection":[{"href":"https:\/\/condo.org.br\/en\/wp-json\/wp\/v2\/associados"}],"about":[{"href":"https:\/\/condo.org.br\/en\/wp-json\/wp\/v2\/types\/associados"}],"wp:featuredmedia":[{"embeddable":true,"href":"https:\/\/condo.org.br\/en\/wp-json\/wp\/v2\/media\/2630"}],"wp:attachment":[{"href":"https:\/\/condo.org.br\/en\/wp-json\/wp\/v2\/media?parent=3366"}],"curies":[{"name":"wp","href":"https:\/\/api.w.org\/{rel}","templated":true}]}}

<p><span data-sheets-root="1" data-sheets-value="{&quot;1&quot;:2,&quot;2&quot;:&quot;Natural de São Paulo, é artista visual, designer e ilustradora. Bacharel (2012) e mestra em poéticas visuais pela ECA - USP (2020). De 2013 a 2016 trabalhou na Biblioteca Mário de Andrade com a produção de exposições, eventos culturais e na elaboração do novo projeto gráfico e diagramação da Revista da BMA. É sócio-fundadora da Devora editorial, pela qual publicou dois livros de fotografia, o \&quot;Vermelha Linha\&quot; e o \&quot;Casa da vó\&quot;. Em 2023 vai lançar seu primeiro livro autoral ilustrado \&quot;Canjica\&quot;. Atua profissionalmente como diretora de arte e designer na SM Educação. &quot;}" data-sheets-userformat="{&quot;2&quot;:513,&quot;3&quot;:{&quot;1&quot;:0},&quot;12&quot;:0}">Born in São Paulo, she is a visual artist, designer and illustrator. She holds a bachelor's degree (2012) and a master's degree in visual poetics from ECA - USP (2020). From 2013 to 2016, she worked at the Mário de Andrade Library producing exhibitions, cultural events and designing the new graphic project and layout for the BMA Magazine. She is a founding partner of Devora editorial, through which she has published two photography books, "Vermelha Linha" and "Casa da Vó". In 2023 she will release her first illustrated book "Canjica". She works professionally as an art director and designer at SM Educação. </span></p>
<p><a href="https://www.instagram.com/lissasakajiri/">@lissasakajir</a></p>
<p><a href="https://www.instagram.com/lissa_sakajiri_ilustra/">@lissa_sakajiri </a></p>
<p>&nbsp;</p>

Natural de São Paulo, é artista visual, designer e ilustradora. Bacharel (2012) e mestra em &hellip;
