{"id":3365,"date":"2023-11-29T16:59:09","date_gmt":"2023-11-29T19:59:09","guid":{"rendered":"https:\/\/condo.org.br\/?post_type=associados&amp;p=2629"},"modified":"2023-11-29T16:59:09","modified_gmt":"2023-11-29T19:59:09","slug":"cris-panariello","status":"publish","type":"associados","link":"https:\/\/condo.org.br\/en\/pessoas-associadas\/cris-panariello\/","title":{"rendered":"Cris Panariello"},"content":{"rendered":"<p><span data-sheets-root=\"1\" data-sheets-value=\"{&quot;1&quot;:2,&quot;2&quot;:&quot;Artista visual e designer de superf\u00edcie. Sua obra se funda em paralelo \u00e0 investiga\u00e7\u00e3o pessoal sobre tempo e o vazio existencial. Estas ideias s\u00e3o sugeridas por meio da repeti\u00e7\u00e3o, das camadas e da pesquisa crom\u00e1tica.\\nRealiza sobretudo esculturas de pap\u00e9is pintados com aquarela ou tinta de terra (coletada nos lugares por onde passa). A base da sua produ\u00e7\u00e3o s\u00e3o os recortes e a colagem que se materializam em diferentes suportes e linguagens, conforme o que lhe atravessa em cada momento.\\nFormada em comunica\u00e7\u00e3o social, ingressou nas artes visuais pelo design t\u00eaxtil. \\n&quot;}\" data-sheets-userformat=\"{&quot;2&quot;:513,&quot;3&quot;:{&quot;1&quot;:0},&quot;12&quot;:0}\">Visual artist and surface designer. His work is based in parallel to his personal research into time and existential emptiness. These ideas are suggested through repetition, layers and chromatic research.<br \/>\nShe mainly makes paper sculptures painted with watercolor or earth paint (collected in the places she visits). The basis of her production is cut-outs and collage, which materialize in different media and languages, depending on what crosses her mind at any given moment.<br \/>\nGraduated in social communication, she entered the visual arts through textile design.<br \/>\n<\/span><\/p>\n<p><a href=\"https:\/\/www.instagram.com\/ateliepana\/?utm_source=ig_web_button_share_sheet&amp;igshid=OGQ5ZDc2ODk2ZA==\">@ateliepana<\/a><\/p>\n<p>&nbsp;<\/p>","protected":false},"featured_media":2633,"template":"","meta":{"_crdt_document":"","_uag_custom_page_level_css":""},"class_list":["post-3365","associados","type-associados","status-publish","has-post-thumbnail","hentry"],"acf":[],"uagb_featured_image_src":{"full":["https:\/\/condo.org.br\/wp-content\/uploads\/2023\/11\/retrato-Cristina-Panariello-1.jpg",800,800,false],"thumbnail":["https:\/\/condo.org.br\/wp-content\/uploads\/2023\/11\/retrato-Cristina-Panariello-1-150x150.jpg",150,150,true],"medium":["https:\/\/condo.org.br\/wp-content\/uploads\/2023\/11\/retrato-Cristina-Panariello-1-300x300.jpg",300,300,true],"medium_large":["https:\/\/condo.org.br\/wp-content\/uploads\/2023\/11\/retrato-Cristina-Panariello-1-768x768.jpg",768,768,true],"large":["https:\/\/condo.org.br\/wp-content\/uploads\/2023\/11\/retrato-Cristina-Panariello-1.jpg",800,800,false],"1536x1536":["https:\/\/condo.org.br\/wp-content\/uploads\/2023\/11\/retrato-Cristina-Panariello-1.jpg",800,800,false],"2048x2048":["https:\/\/condo.org.br\/wp-content\/uploads\/2023\/11\/retrato-Cristina-Panariello-1.jpg",800,800,false],"trp-custom-language-flag":["https:\/\/condo.org.br\/wp-content\/uploads\/2023\/11\/retrato-Cristina-Panariello-1-12x12.jpg",12,12,true]},"uagb_author_info":{"display_name":"burns","author_link":"https:\/\/condo.org.br\/en\/author\/"},"uagb_comment_info":0,"uagb_excerpt":"Artista visual e designer de superf\u00edcie. Sua obra se funda em paralelo \u00e0 investiga\u00e7\u00e3o pessoal &hellip;","jetpack_sharing_enabled":true,"_links":{"self":[{"href":"https:\/\/condo.org.br\/en\/wp-json\/wp\/v2\/associados\/3365","targetHints":{"allow":["GET"]}}],"collection":[{"href":"https:\/\/condo.org.br\/en\/wp-json\/wp\/v2\/associados"}],"about":[{"href":"https:\/\/condo.org.br\/en\/wp-json\/wp\/v2\/types\/associados"}],"wp:featuredmedia":[{"embeddable":true,"href":"https:\/\/condo.org.br\/en\/wp-json\/wp\/v2\/media\/2633"}],"wp:attachment":[{"href":"https:\/\/condo.org.br\/en\/wp-json\/wp\/v2\/media?parent=3365"}],"curies":[{"name":"wp","href":"https:\/\/api.w.org\/{rel}","templated":true}]}}

<p><span data-sheets-root="1" data-sheets-value="{&quot;1&quot;:2,&quot;2&quot;:&quot;Artista visual e designer de superfície. Sua obra se funda em paralelo à investigação pessoal sobre tempo e o vazio existencial. Estas ideias são sugeridas por meio da repetição, das camadas e da pesquisa cromática.\nRealiza sobretudo esculturas de papéis pintados com aquarela ou tinta de terra (coletada nos lugares por onde passa). A base da sua produção são os recortes e a colagem que se materializam em diferentes suportes e linguagens, conforme o que lhe atravessa em cada momento.\nFormada em comunicação social, ingressou nas artes visuais pelo design têxtil. \n&quot;}" data-sheets-userformat="{&quot;2&quot;:513,&quot;3&quot;:{&quot;1&quot;:0},&quot;12&quot;:0}">Visual artist and surface designer. His work is based in parallel to his personal research into time and existential emptiness. These ideas are suggested through repetition, layers and chromatic research.<br />
She mainly makes paper sculptures painted with watercolor or earth paint (collected in the places she visits). The basis of her production is cut-outs and collage, which materialize in different media and languages, depending on what crosses her mind at any given moment.<br />
Graduated in social communication, she entered the visual arts through textile design.<br />
</span></p>
<p><a href="https://www.instagram.com/ateliepana/?utm_source=ig_web_button_share_sheet&amp;igshid=OGQ5ZDc2ODk2ZA==">@ateliepana</a></p>
<p>&nbsp;</p>

Artista visual e designer de superfície. Sua obra se funda em paralelo à investigação pessoal &hellip;
