{"id":3356,"date":"2025-11-10T19:02:29","date_gmt":"2025-11-10T22:02:29","guid":{"rendered":"https:\/\/condo.org.br\/?post_type=associados&#038;p=1294"},"modified":"2025-11-11T16:24:16","modified_gmt":"2025-11-11T19:24:16","slug":"kako-guirado","status":"publish","type":"associados","link":"https:\/\/condo.org.br\/en\/pessoas-associadas\/kako-guirado\/","title":{"rendered":"Kako Guirado"},"content":{"rendered":"<p>Director and Technical Producer; Cultural Entrepreneur and Sound Designer; Develops and creates projects, provides infrastructure consultancy for artistic and cultural activities. He works in a wide range of areas, such as festivals, exhibitions, events, production agencies, concerts, exhibitions and shows. In 1989 he founded Usina Sonora, where he was director until 2012. He works in partnership with major institutions and artistic groups. His main work includes directing, coordinating, creating and designing sound for Companhia Teatro da Vertigem in its shows - Livro de J\u00f3, Apocalipse, BR3, A \u00daltima Palavra (1.0 and 2.0), Kastelo, Bom Retiro 958m and O Filho (Brazil, Latin America, Europe). Teatro de Narradores - Arturo Ui, Retrato Calado, Cidade Vod\u00fa; A pr\u00f3xima esta\u00e7\u00e3o - Cac\u00e1 Carvalho; Repert\u00f3rio Shakespeare - Macbeth\/ Medida por medida; Di\u00e1sporas - Cia Elevador de Teatro Panor\u00e2mico; Heresia - Pra\u00e7a da S\u00e9; Cia Teatro Balagan - Cabras (China).<br \/>\nHe was the audio technical director for the Londrina International Festival for 15 consecutive years; Odin Theater VIII ISTA; consultancy and technical coordination for the Biennials of Art and Architecture at the Biennial Foundation; Mit SP (1st edition); Festival Cena Contempor\u00e2nea de Bras\u00edlia; Festival Guarani de Cultura e Arte - Jaragu\u00e1; Festival Musica Estranha, as well as shows and one-off jobs for companies and institutions (SESC\/ MAM\/ MIS\/ FAD BH\/ CCSP).<\/p>\n<p>Pedagogical experience can be highlighted from the beginning of his training. He has taught introductory courses in independent sound design and with the S\u00e3o Paulo State Department of Culture - lectures, courses and workshops in event production at SENAI and Anhembi Morumbi College. In 2009 he started a social project with Col\u00e9gio Max and Projeto Aprendiz, coordinating audio and lighting courses for young people.<\/p>\n<p>In 2010 he started the Cond\u00f4 Cultural project, a center for human and socio-cultural development in Vila Anglo Brasileira - SP.<\/p>","protected":false},"featured_media":2123,"template":"","meta":{"_crdt_document":"","_uag_custom_page_level_css":""},"class_list":["post-3356","associados","type-associados","status-publish","has-post-thumbnail","hentry"],"acf":[],"uagb_featured_image_src":{"full":["https:\/\/condo.org.br\/wp-content\/uploads\/2022\/10\/kako_CA.jpg",800,926,false],"thumbnail":["https:\/\/condo.org.br\/wp-content\/uploads\/2022\/10\/kako_CA-150x150.jpg",150,150,true],"medium":["https:\/\/condo.org.br\/wp-content\/uploads\/2022\/10\/kako_CA-259x300.jpg",259,300,true],"medium_large":["https:\/\/condo.org.br\/wp-content\/uploads\/2022\/10\/kako_CA-768x889.jpg",768,889,true],"large":["https:\/\/condo.org.br\/wp-content\/uploads\/2022\/10\/kako_CA.jpg",800,926,false],"1536x1536":["https:\/\/condo.org.br\/wp-content\/uploads\/2022\/10\/kako_CA.jpg",800,926,false],"2048x2048":["https:\/\/condo.org.br\/wp-content\/uploads\/2022\/10\/kako_CA.jpg",800,926,false],"trp-custom-language-flag":["https:\/\/condo.org.br\/wp-content\/uploads\/2022\/10\/kako_CA.jpg",10,12,false]},"uagb_author_info":{"display_name":"burns","author_link":"https:\/\/condo.org.br\/en\/author\/"},"uagb_comment_info":0,"uagb_excerpt":"Diretor e Produtor T\u00e9cnico; Empreendedor Cultural e Sonorizador (Sound Design); Desenvolve e cria projetos, presta &hellip;","jetpack_sharing_enabled":true,"_links":{"self":[{"href":"https:\/\/condo.org.br\/en\/wp-json\/wp\/v2\/associados\/3356","targetHints":{"allow":["GET"]}}],"collection":[{"href":"https:\/\/condo.org.br\/en\/wp-json\/wp\/v2\/associados"}],"about":[{"href":"https:\/\/condo.org.br\/en\/wp-json\/wp\/v2\/types\/associados"}],"wp:featuredmedia":[{"embeddable":true,"href":"https:\/\/condo.org.br\/en\/wp-json\/wp\/v2\/media\/2123"}],"wp:attachment":[{"href":"https:\/\/condo.org.br\/en\/wp-json\/wp\/v2\/media?parent=3356"}],"curies":[{"name":"wp","href":"https:\/\/api.w.org\/{rel}","templated":true}]}}

<p>Director and Technical Producer; Cultural Entrepreneur and Sound Designer; Develops and creates projects, provides infrastructure consultancy for artistic and cultural activities. He works in a wide range of areas, such as festivals, exhibitions, events, production agencies, concerts, exhibitions and shows. In 1989 he founded Usina Sonora, where he was director until 2012. He works in partnership with major institutions and artistic groups. His main work includes directing, coordinating, creating and designing sound for Companhia Teatro da Vertigem in its shows - Livro de Jó, Apocalipse, BR3, A Última Palavra (1.0 and 2.0), Kastelo, Bom Retiro 958m and O Filho (Brazil, Latin America, Europe). Teatro de Narradores - Arturo Ui, Retrato Calado, Cidade Vodú; A próxima estação - Cacá Carvalho; Repertório Shakespeare - Macbeth/ Medida por medida; Diásporas - Cia Elevador de Teatro Panorâmico; Heresia - Praça da Sé; Cia Teatro Balagan - Cabras (China).<br />
He was the audio technical director for the Londrina International Festival for 15 consecutive years; Odin Theater VIII ISTA; consultancy and technical coordination for the Biennials of Art and Architecture at the Biennial Foundation; Mit SP (1st edition); Festival Cena Contemporânea de Brasília; Festival Guarani de Cultura e Arte - Jaraguá; Festival Musica Estranha, as well as shows and one-off jobs for companies and institutions (SESC/ MAM/ MIS/ FAD BH/ CCSP).</p>
<p>Pedagogical experience can be highlighted from the beginning of his training. He has taught introductory courses in independent sound design and with the São Paulo State Department of Culture - lectures, courses and workshops in event production at SENAI and Anhembi Morumbi College. In 2009 he started a social project with Colégio Max and Projeto Aprendiz, coordinating audio and lighting courses for young people.</p>
<p>In 2010 he started the Condô Cultural project, a center for human and socio-cultural development in Vila Anglo Brasileira - SP.</p>

Diretor e Produtor Técnico; Empreendedor Cultural e Sonorizador (Sound Design); Desenvolve e cria projetos, presta &hellip;
