{"id":3353,"date":"2022-09-20T18:47:48","date_gmt":"2022-09-20T21:47:48","guid":{"rendered":"https:\/\/condo.org.br\/?post_type=associados&amp;p=1289"},"modified":"2022-09-20T18:47:48","modified_gmt":"2022-09-20T21:47:48","slug":"carol-engetsu-lefevre","status":"publish","type":"associados","link":"https:\/\/condo.org.br\/en\/pessoas-associadas\/carol-engetsu-lefevre\/","title":{"rendered":"Carol Engetsu Lef\u00e8vre"},"content":{"rendered":"<p><strong>life | art | zen | art | life<\/strong><\/p>\n<p>a sketcher of what she sees, a lover of cooking and flavors, a Zen meditator, a dreamer of a fairer and more shared world.<\/p>\n<p>found in the cond\u00f4 an atmosphere of international utopia and even without being physically in the space all the time, hopes to contribute to the creative cake growing and sharing more and more.<\/p>\n<p>architect by training, designer and illustrator by practice and Zen practitioner at heart.<br \/>\nalso seeking to establish himself as an artist, building bridges between Zen and art.<\/p>\n<p>works primarily with drawing and watercolor. studies how drawing and observation relate to meditation. runs workshops and retreats on Zen and drawing, zazenhos. also participates in the live model collective @nudesenhos.<\/p>\n<p>in 2013 she left her life as a graphic designer in paulistana and set out to live in zen buddhist communities in the united states and also to travel there, through mexico and central america. during this period she lived for four years at the zen center in san francisco, two years at the city center in the city, and two years at the tassajara monastery. in 2020 she stayed in brazil because of the pandemic and has been looking for ways to build bridges between zen and art, inside and outside the monastery and her life in the united states and brazil.<\/p>\n<p><span data-sheets-value=\"{&quot;1&quot;:2,&quot;2&quot;:&quot;carol engetsu lef\u00e8vre\\n\\nvida | arte | zen | art | life\\n\\ndesenhadora do que v\u00ea, amante da cozinha e dos sabores, meditadora zen, sonhadora de um mundo mais justo e compartilhado. \\n\\nencontrou no cond\u00f4 uma atmosfera de utopia internacional e mesmo sem estar fisicamente o tempo todo por aqui, espera contribuir para que o bolo criativo cres\u00e7a e se compartilhe cada vez mais.\\n\\narquiteta de forma\u00e7\u00e3o, designer e ilustradora de atua\u00e7\u00e3o e praticante zen de cora\u00e7\u00e3o. \\ntamb\u00e9m, buscando se firmar como artista, fazendo pontes entre o zen e a arte. \\n\\ntrabalha prioritariamente com desenho e aquarela. estuda como o desenho e a observa\u00e7\u00e3o se relacionam com a medita\u00e7\u00e3o. realiza workshops e retiros de zen e desenho, o zazenhos. tamb\u00e9m participa do coletivo de modelo vivo @nudesenhos.\\n\\nem 2013 deixou a sua vida de designer gr\u00e1fica paulistana e se lan\u00e7ou em morar em comunidades zen budistas nos estados unidos e tamb\u00e9m viajar por l\u00e1, pelo m\u00e9xico e am\u00e9rica central. nesse per\u00edodo morou por quatro anos no zen center de s\u00e3o francisco, sendo dois anos no city center, na cidade, e dois anos no mosteiro de tassajara. em 2020 foi ficada no brasil por causa da pandemia e tem buscado maneiras de fazer pontes entre o zen e a arte, dentro e fora do mosteiro e sua vida nos estados unidos e no brasil. \\n\\nveja mais no site entrezen.org e no instagram @carol.engetsu.zen\\n&quot;}\" data-sheets-userformat=\"{&quot;2&quot;:769,&quot;3&quot;:{&quot;1&quot;:0},&quot;11&quot;:4,&quot;12&quot;:0}\"><br \/>\n<\/span><span data-sheets-value=\"{&quot;1&quot;:2,&quot;2&quot;:&quot;carol engetsu lef\u00e8vre\\n\\nvida | arte | zen | art | life\\n\\ndesenhadora do que v\u00ea, amante da cozinha e dos sabores, meditadora zen, sonhadora de um mundo mais justo e compartilhado. \\n\\nencontrou no cond\u00f4 uma atmosfera de utopia internacional e mesmo sem estar fisicamente o tempo todo por aqui, espera contribuir para que o bolo criativo cres\u00e7a e se compartilhe cada vez mais.\\n\\narquiteta de forma\u00e7\u00e3o, designer e ilustradora de atua\u00e7\u00e3o e praticante zen de cora\u00e7\u00e3o. \\ntamb\u00e9m, buscando se firmar como artista, fazendo pontes entre o zen e a arte. \\n\\ntrabalha prioritariamente com desenho e aquarela. estuda como o desenho e a observa\u00e7\u00e3o se relacionam com a medita\u00e7\u00e3o. realiza workshops e retiros de zen e desenho, o zazenhos. tamb\u00e9m participa do coletivo de modelo vivo @nudesenhos.\\n\\nem 2013 deixou a sua vida de designer gr\u00e1fica paulistana e se lan\u00e7ou em morar em comunidades zen budistas nos estados unidos e tamb\u00e9m viajar por l\u00e1, pelo m\u00e9xico e am\u00e9rica central. nesse per\u00edodo morou por quatro anos no zen center de s\u00e3o francisco, sendo dois anos no city center, na cidade, e dois anos no mosteiro de tassajara. em 2020 foi ficada no brasil por causa da pandemia e tem buscado maneiras de fazer pontes entre o zen e a arte, dentro e fora do mosteiro e sua vida nos estados unidos e no brasil. \\n\\nveja mais no site entrezen.org e no instagram @carol.engetsu.zen\\n&quot;}\" data-sheets-userformat=\"{&quot;2&quot;:769,&quot;3&quot;:{&quot;1&quot;:0},&quot;11&quot;:4,&quot;12&quot;:0}\"><a href=\"https:\/\/entrezen.org\/\" target=\"_blank\" rel=\"noopener\">see more on the website<\/a>\u00a0 <\/span><\/p>\n<p><span data-sheets-value=\"{&quot;1&quot;:2,&quot;2&quot;:&quot;carol engetsu lef\u00e8vre\\n\\nvida | arte | zen | art | life\\n\\ndesenhadora do que v\u00ea, amante da cozinha e dos sabores, meditadora zen, sonhadora de um mundo mais justo e compartilhado. \\n\\nencontrou no cond\u00f4 uma atmosfera de utopia internacional e mesmo sem estar fisicamente o tempo todo por aqui, espera contribuir para que o bolo criativo cres\u00e7a e se compartilhe cada vez mais.\\n\\narquiteta de forma\u00e7\u00e3o, designer e ilustradora de atua\u00e7\u00e3o e praticante zen de cora\u00e7\u00e3o. \\ntamb\u00e9m, buscando se firmar como artista, fazendo pontes entre o zen e a arte. \\n\\ntrabalha prioritariamente com desenho e aquarela. estuda como o desenho e a observa\u00e7\u00e3o se relacionam com a medita\u00e7\u00e3o. realiza workshops e retiros de zen e desenho, o zazenhos. tamb\u00e9m participa do coletivo de modelo vivo @nudesenhos.\\n\\nem 2013 deixou a sua vida de designer gr\u00e1fica paulistana e se lan\u00e7ou em morar em comunidades zen budistas nos estados unidos e tamb\u00e9m viajar por l\u00e1, pelo m\u00e9xico e am\u00e9rica central. nesse per\u00edodo morou por quatro anos no zen center de s\u00e3o francisco, sendo dois anos no city center, na cidade, e dois anos no mosteiro de tassajara. em 2020 foi ficada no brasil por causa da pandemia e tem buscado maneiras de fazer pontes entre o zen e a arte, dentro e fora do mosteiro e sua vida nos estados unidos e no brasil. \\n\\nveja mais no site entrezen.org e no instagram @carol.engetsu.zen\\n&quot;}\" data-sheets-userformat=\"{&quot;2&quot;:769,&quot;3&quot;:{&quot;1&quot;:0},&quot;11&quot;:4,&quot;12&quot;:0}\"><a href=\"https:\/\/www.instagram.com\/carol.engetsu.zen\/\" target=\"_blank\" rel=\"noopener\">@carol.engetsu.zen<\/a><br \/>\n<\/span><\/p>","protected":false},"featured_media":1340,"template":"","meta":{"_crdt_document":"","_uag_custom_page_level_css":""},"class_list":["post-3353","associados","type-associados","status-publish","has-post-thumbnail","hentry"],"acf":[],"uagb_featured_image_src":{"full":["https:\/\/condo.org.br\/wp-content\/uploads\/2022\/09\/04519fb9-1951-4e7d-91d5-2bf6eaa2c580-carolina-lefevre_CA.jpg",719,948,false],"thumbnail":["https:\/\/condo.org.br\/wp-content\/uploads\/2022\/09\/04519fb9-1951-4e7d-91d5-2bf6eaa2c580-carolina-lefevre_CA-150x150.jpg",150,150,true],"medium":["https:\/\/condo.org.br\/wp-content\/uploads\/2022\/09\/04519fb9-1951-4e7d-91d5-2bf6eaa2c580-carolina-lefevre_CA-228x300.jpg",228,300,true],"medium_large":["https:\/\/condo.org.br\/wp-content\/uploads\/2022\/09\/04519fb9-1951-4e7d-91d5-2bf6eaa2c580-carolina-lefevre_CA.jpg",719,948,false],"large":["https:\/\/condo.org.br\/wp-content\/uploads\/2022\/09\/04519fb9-1951-4e7d-91d5-2bf6eaa2c580-carolina-lefevre_CA.jpg",719,948,false],"1536x1536":["https:\/\/condo.org.br\/wp-content\/uploads\/2022\/09\/04519fb9-1951-4e7d-91d5-2bf6eaa2c580-carolina-lefevre_CA.jpg",719,948,false],"2048x2048":["https:\/\/condo.org.br\/wp-content\/uploads\/2022\/09\/04519fb9-1951-4e7d-91d5-2bf6eaa2c580-carolina-lefevre_CA.jpg",719,948,false],"trp-custom-language-flag":["https:\/\/condo.org.br\/wp-content\/uploads\/2022\/09\/04519fb9-1951-4e7d-91d5-2bf6eaa2c580-carolina-lefevre_CA.jpg",9,12,false]},"uagb_author_info":{"display_name":"burns","author_link":"https:\/\/condo.org.br\/en\/author\/"},"uagb_comment_info":0,"uagb_excerpt":"vida | arte | zen | art | life desenhadora do que v\u00ea, amante da &hellip;","jetpack_sharing_enabled":true,"_links":{"self":[{"href":"https:\/\/condo.org.br\/en\/wp-json\/wp\/v2\/associados\/3353","targetHints":{"allow":["GET"]}}],"collection":[{"href":"https:\/\/condo.org.br\/en\/wp-json\/wp\/v2\/associados"}],"about":[{"href":"https:\/\/condo.org.br\/en\/wp-json\/wp\/v2\/types\/associados"}],"wp:featuredmedia":[{"embeddable":true,"href":"https:\/\/condo.org.br\/en\/wp-json\/wp\/v2\/media\/1340"}],"wp:attachment":[{"href":"https:\/\/condo.org.br\/en\/wp-json\/wp\/v2\/media?parent=3353"}],"curies":[{"name":"wp","href":"https:\/\/api.w.org\/{rel}","templated":true}]}}

Carol Engetsu Lefèvre

<p><strong>life | art | zen | art | life</strong></p>
<p>a sketcher of what she sees, a lover of cooking and flavors, a Zen meditator, a dreamer of a fairer and more shared world.</p>
<p>found in the condô an atmosphere of international utopia and even without being physically in the space all the time, hopes to contribute to the creative cake growing and sharing more and more.</p>
<p>architect by training, designer and illustrator by practice and Zen practitioner at heart.<br />
also seeking to establish himself as an artist, building bridges between Zen and art.</p>
<p>works primarily with drawing and watercolor. studies how drawing and observation relate to meditation. runs workshops and retreats on Zen and drawing, zazenhos. also participates in the live model collective @nudesenhos.</p>
<p>in 2013 she left her life as a graphic designer in paulistana and set out to live in zen buddhist communities in the united states and also to travel there, through mexico and central america. during this period she lived for four years at the zen center in san francisco, two years at the city center in the city, and two years at the tassajara monastery. in 2020 she stayed in brazil because of the pandemic and has been looking for ways to build bridges between zen and art, inside and outside the monastery and her life in the united states and brazil.</p>
<p><span data-sheets-value="{&quot;1&quot;:2,&quot;2&quot;:&quot;carol engetsu lefèvre\n\nvida | arte | zen | art | life\n\ndesenhadora do que vê, amante da cozinha e dos sabores, meditadora zen, sonhadora de um mundo mais justo e compartilhado. \n\nencontrou no condô uma atmosfera de utopia internacional e mesmo sem estar fisicamente o tempo todo por aqui, espera contribuir para que o bolo criativo cresça e se compartilhe cada vez mais.\n\narquiteta de formação, designer e ilustradora de atuação e praticante zen de coração. \ntambém, buscando se firmar como artista, fazendo pontes entre o zen e a arte. \n\ntrabalha prioritariamente com desenho e aquarela. estuda como o desenho e a observação se relacionam com a meditação. realiza workshops e retiros de zen e desenho, o zazenhos. também participa do coletivo de modelo vivo @nudesenhos.\n\nem 2013 deixou a sua vida de designer gráfica paulistana e se lançou em morar em comunidades zen budistas nos estados unidos e também viajar por lá, pelo méxico e américa central. nesse período morou por quatro anos no zen center de são francisco, sendo dois anos no city center, na cidade, e dois anos no mosteiro de tassajara. em 2020 foi ficada no brasil por causa da pandemia e tem buscado maneiras de fazer pontes entre o zen e a arte, dentro e fora do mosteiro e sua vida nos estados unidos e no brasil. \n\nveja mais no site entrezen.org e no instagram @carol.engetsu.zen\n&quot;}" data-sheets-userformat="{&quot;2&quot;:769,&quot;3&quot;:{&quot;1&quot;:0},&quot;11&quot;:4,&quot;12&quot;:0}"><br />
</span><span data-sheets-value="{&quot;1&quot;:2,&quot;2&quot;:&quot;carol engetsu lefèvre\n\nvida | arte | zen | art | life\n\ndesenhadora do que vê, amante da cozinha e dos sabores, meditadora zen, sonhadora de um mundo mais justo e compartilhado. \n\nencontrou no condô uma atmosfera de utopia internacional e mesmo sem estar fisicamente o tempo todo por aqui, espera contribuir para que o bolo criativo cresça e se compartilhe cada vez mais.\n\narquiteta de formação, designer e ilustradora de atuação e praticante zen de coração. \ntambém, buscando se firmar como artista, fazendo pontes entre o zen e a arte. \n\ntrabalha prioritariamente com desenho e aquarela. estuda como o desenho e a observação se relacionam com a meditação. realiza workshops e retiros de zen e desenho, o zazenhos. também participa do coletivo de modelo vivo @nudesenhos.\n\nem 2013 deixou a sua vida de designer gráfica paulistana e se lançou em morar em comunidades zen budistas nos estados unidos e também viajar por lá, pelo méxico e américa central. nesse período morou por quatro anos no zen center de são francisco, sendo dois anos no city center, na cidade, e dois anos no mosteiro de tassajara. em 2020 foi ficada no brasil por causa da pandemia e tem buscado maneiras de fazer pontes entre o zen e a arte, dentro e fora do mosteiro e sua vida nos estados unidos e no brasil. \n\nveja mais no site entrezen.org e no instagram @carol.engetsu.zen\n&quot;}" data-sheets-userformat="{&quot;2&quot;:769,&quot;3&quot;:{&quot;1&quot;:0},&quot;11&quot;:4,&quot;12&quot;:0}"><a href="https://entrezen.org/" target="_blank" rel="noopener">see more on the website</a>  </span></p>
<p><span data-sheets-value="{&quot;1&quot;:2,&quot;2&quot;:&quot;carol engetsu lefèvre\n\nvida | arte | zen | art | life\n\ndesenhadora do que vê, amante da cozinha e dos sabores, meditadora zen, sonhadora de um mundo mais justo e compartilhado. \n\nencontrou no condô uma atmosfera de utopia internacional e mesmo sem estar fisicamente o tempo todo por aqui, espera contribuir para que o bolo criativo cresça e se compartilhe cada vez mais.\n\narquiteta de formação, designer e ilustradora de atuação e praticante zen de coração. \ntambém, buscando se firmar como artista, fazendo pontes entre o zen e a arte. \n\ntrabalha prioritariamente com desenho e aquarela. estuda como o desenho e a observação se relacionam com a meditação. realiza workshops e retiros de zen e desenho, o zazenhos. também participa do coletivo de modelo vivo @nudesenhos.\n\nem 2013 deixou a sua vida de designer gráfica paulistana e se lançou em morar em comunidades zen budistas nos estados unidos e também viajar por lá, pelo méxico e américa central. nesse período morou por quatro anos no zen center de são francisco, sendo dois anos no city center, na cidade, e dois anos no mosteiro de tassajara. em 2020 foi ficada no brasil por causa da pandemia e tem buscado maneiras de fazer pontes entre o zen e a arte, dentro e fora do mosteiro e sua vida nos estados unidos e no brasil. \n\nveja mais no site entrezen.org e no instagram @carol.engetsu.zen\n&quot;}" data-sheets-userformat="{&quot;2&quot;:769,&quot;3&quot;:{&quot;1&quot;:0},&quot;11&quot;:4,&quot;12&quot;:0}"><a href="https://www.instagram.com/carol.engetsu.zen/" target="_blank" rel="noopener">@carol.engetsu.zen</a><br />
</span></p>

vida | arte | zen | art | life desenhadora do que vê, amante da &hellip;
