{"id":3351,"date":"2022-09-20T18:28:33","date_gmt":"2022-09-20T21:28:33","guid":{"rendered":"https:\/\/condo.org.br\/?post_type=associados&amp;p=1284"},"modified":"2022-09-20T18:28:33","modified_gmt":"2022-09-20T21:28:33","slug":"giselle-rocha","status":"publish","type":"associados","link":"https:\/\/condo.org.br\/en\/pessoas-associadas\/giselle-rocha\/","title":{"rendered":"Giselle Rocha"},"content":{"rendered":"<p><span data-sheets-value=\"{&quot;1&quot;:2,&quot;2&quot;:&quot;Giselle Rocha \u00e9 fot\u00f3grafa, graduada em Comunica\u00e7\u00e3o Social \u2013 Jornalismo pela PUC-MG e mestre em Artes Visuais pela UFMG. Conservadora de fotografias, atua na organiza\u00e7\u00e3o e preserva\u00e7\u00e3o de acervos f\u00edsicos e digitais, estabelecendo fluxos de trabalho e protocolos para preserva\u00e7\u00e3o e digitaliza\u00e7\u00e3o. Elabora e supervisiona trabalhos de conserva\u00e7\u00e3o e digitaliza\u00e7\u00e3o de acervos fotogr\u00e1ficos na empresa L3. Docente em cursos de curta dura\u00e7\u00e3o sobre Conserva\u00e7\u00e3o Fotogr\u00e1fica e Preserva\u00e7\u00e3o Digital desde 2014, em institui\u00e7\u00f5es como ABER, SENAI, CPC-USP, SESC e Escola Rever. Participa do Ateli\u00ea UV\u00ea, dedicado \u00e0 pesquisa e produ\u00e7\u00e3o art\u00edstica em processos fotogr\u00e1ficos hist\u00f3ricos - em especial, a Cianotipia. Elabora projetos de a\u00e7\u00f5es culturais e \u00e9 respons\u00e1vel pelo tratamento do acervo de fotografias digitais do Condom\u00ednio Cultural, em S\u00e3o Paulo.\\nTrabalhou no Arquivo Hist\u00f3rico Wanda Svevo da Funda\u00e7\u00e3o Bienal de S\u00e3o Paulo (AHWS) entre 2011 e 2018, onde coordenou as equipes de tratamento da documenta\u00e7\u00e3o iconogr\u00e1fica e audiovisual e de conserva\u00e7\u00e3o durante o Projeto Acervos (2015 - 2018). Durante sua passagem pelo AHWS, participou do desenvolvimento de instrumentos para descri\u00e7\u00e3o e gerenciamento do acervo documental e da elabora\u00e7\u00e3o de protocolos para cataloga\u00e7\u00e3o, reprodu\u00e7\u00e3o digital e fluxo de trabalho com imagens digitais, buscando avan\u00e7ar no estabelecimento de protocolos para a preserva\u00e7\u00e3o digital. Participou do curso SOIMA-LATAM 2014, Safeguarding of Sound and Image Collections, promovido pelo ICCROM no M\u00e9xico. \\nMora no distrito de S\u00e3o Bartolomeu - Ouro Preto - MG | rocha.gi@gmail.com | 11 984772975&quot;}\" data-sheets-userformat=\"{&quot;2&quot;:769,&quot;3&quot;:{&quot;1&quot;:0},&quot;11&quot;:4,&quot;12&quot;:0}\">Giselle Rocha photographs, preserves, thinks and makes culture, plants a little, cooks another, connects people and likes to make art out of it all. She dances whenever she can. And she tries to understand the world and the people around her. She also thinks that all this togetherness is her way of being politically in the world.<\/span><\/p>\n<p>&nbsp;<\/p>\n<p><span data-sheets-value=\"{&quot;1&quot;:2,&quot;2&quot;:&quot;Giselle Rocha \u00e9 fot\u00f3grafa, graduada em Comunica\u00e7\u00e3o Social \u2013 Jornalismo pela PUC-MG e mestre em Artes Visuais pela UFMG. Conservadora de fotografias, atua na organiza\u00e7\u00e3o e preserva\u00e7\u00e3o de acervos f\u00edsicos e digitais, estabelecendo fluxos de trabalho e protocolos para preserva\u00e7\u00e3o e digitaliza\u00e7\u00e3o. Elabora e supervisiona trabalhos de conserva\u00e7\u00e3o e digitaliza\u00e7\u00e3o de acervos fotogr\u00e1ficos na empresa L3. Docente em cursos de curta dura\u00e7\u00e3o sobre Conserva\u00e7\u00e3o Fotogr\u00e1fica e Preserva\u00e7\u00e3o Digital desde 2014, em institui\u00e7\u00f5es como ABER, SENAI, CPC-USP, SESC e Escola Rever. Participa do Ateli\u00ea UV\u00ea, dedicado \u00e0 pesquisa e produ\u00e7\u00e3o art\u00edstica em processos fotogr\u00e1ficos hist\u00f3ricos - em especial, a Cianotipia. Elabora projetos de a\u00e7\u00f5es culturais e \u00e9 respons\u00e1vel pelo tratamento do acervo de fotografias digitais do Condom\u00ednio Cultural, em S\u00e3o Paulo.\\nTrabalhou no Arquivo Hist\u00f3rico Wanda Svevo da Funda\u00e7\u00e3o Bienal de S\u00e3o Paulo (AHWS) entre 2011 e 2018, onde coordenou as equipes de tratamento da documenta\u00e7\u00e3o iconogr\u00e1fica e audiovisual e de conserva\u00e7\u00e3o durante o Projeto Acervos (2015 - 2018). Durante sua passagem pelo AHWS, participou do desenvolvimento de instrumentos para descri\u00e7\u00e3o e gerenciamento do acervo documental e da elabora\u00e7\u00e3o de protocolos para cataloga\u00e7\u00e3o, reprodu\u00e7\u00e3o digital e fluxo de trabalho com imagens digitais, buscando avan\u00e7ar no estabelecimento de protocolos para a preserva\u00e7\u00e3o digital. Participou do curso SOIMA-LATAM 2014, Safeguarding of Sound and Image Collections, promovido pelo ICCROM no M\u00e9xico. \\nMora no distrito de S\u00e3o Bartolomeu - Ouro Preto - MG | rocha.gi@gmail.com | 11 984772975&quot;}\" data-sheets-userformat=\"{&quot;2&quot;:769,&quot;3&quot;:{&quot;1&quot;:0},&quot;11&quot;:4,&quot;12&quot;:0}\">Photographer, with a degree in Social Communication - Journalism from PUC-MG and a master's degree in Visual Arts from UFMG. She works in the organization and preservation of physical and digital collections, establishing workflows and protocols for preservation and digitization. She prepares and supervises conservation and digitization work on photographic collections at the company L3. She has been teaching short courses on Photographic Conservation and Digital Preservation since 2014, at institutions such as ABER, SENAI, CPC-USP, SESC and Escola Rever. She is a member of Ateli\u00ea UV\u00ea, dedicated to research and artistic production in historical photographic processes - especially cyanotype. She develops cultural action projects and is responsible for processing the digital photography collection at Condom\u00ednio Cultural in S\u00e3o Paulo.<\/span><\/p>\n<p>&nbsp;<\/p>\n<p>She lives in the district of S\u00e3o Bartolomeu - Ouro Preto - MG | rocha.gi@gmail.com | 11 984772975<\/p>\n<p><a href=\"https:\/\/www.instagram.com\/gisellerocha\/\" target=\"_blank\" rel=\"noopener\"><span data-sheets-value=\"{&quot;1&quot;:2,&quot;2&quot;:&quot;@gisellerocha (instagram)&quot;}\" data-sheets-userformat=\"{&quot;2&quot;:769,&quot;3&quot;:{&quot;1&quot;:0},&quot;11&quot;:4,&quot;12&quot;:0}\">@gisellerocha<\/span><\/a><\/p>","protected":false},"featured_media":1382,"template":"","meta":{"_crdt_document":"","_uag_custom_page_level_css":""},"class_list":["post-3351","associados","type-associados","status-publish","has-post-thumbnail","hentry"],"acf":[],"uagb_featured_image_src":{"full":["https:\/\/condo.org.br\/wp-content\/uploads\/2022\/09\/GR_20220313_668892356_CA.jpg",800,1422,false],"thumbnail":["https:\/\/condo.org.br\/wp-content\/uploads\/2022\/09\/GR_20220313_668892356_CA-150x150.jpg",150,150,true],"medium":["https:\/\/condo.org.br\/wp-content\/uploads\/2022\/09\/GR_20220313_668892356_CA-169x300.jpg",169,300,true],"medium_large":["https:\/\/condo.org.br\/wp-content\/uploads\/2022\/09\/GR_20220313_668892356_CA-768x1365.jpg",768,1365,true],"large":["https:\/\/condo.org.br\/wp-content\/uploads\/2022\/09\/GR_20220313_668892356_CA-576x1024.jpg",576,1024,true],"1536x1536":["https:\/\/condo.org.br\/wp-content\/uploads\/2022\/09\/GR_20220313_668892356_CA.jpg",800,1422,false],"2048x2048":["https:\/\/condo.org.br\/wp-content\/uploads\/2022\/09\/GR_20220313_668892356_CA.jpg",800,1422,false],"trp-custom-language-flag":["https:\/\/condo.org.br\/wp-content\/uploads\/2022\/09\/GR_20220313_668892356_CA.jpg",7,12,false]},"uagb_author_info":{"display_name":"burns","author_link":"https:\/\/condo.org.br\/en\/author\/"},"uagb_comment_info":0,"uagb_excerpt":"Giselle Rocha fotografa, preserva, pensa e faz cultura, planta um pouco, cozinha outro tanto, faz &hellip;","jetpack_sharing_enabled":true,"_links":{"self":[{"href":"https:\/\/condo.org.br\/en\/wp-json\/wp\/v2\/associados\/3351","targetHints":{"allow":["GET"]}}],"collection":[{"href":"https:\/\/condo.org.br\/en\/wp-json\/wp\/v2\/associados"}],"about":[{"href":"https:\/\/condo.org.br\/en\/wp-json\/wp\/v2\/types\/associados"}],"wp:featuredmedia":[{"embeddable":true,"href":"https:\/\/condo.org.br\/en\/wp-json\/wp\/v2\/media\/1382"}],"wp:attachment":[{"href":"https:\/\/condo.org.br\/en\/wp-json\/wp\/v2\/media?parent=3351"}],"curies":[{"name":"wp","href":"https:\/\/api.w.org\/{rel}","templated":true}]}}

<p><span data-sheets-value="{&quot;1&quot;:2,&quot;2&quot;:&quot;Giselle Rocha é fotógrafa, graduada em Comunicação Social – Jornalismo pela PUC-MG e mestre em Artes Visuais pela UFMG. Conservadora de fotografias, atua na organização e preservação de acervos físicos e digitais, estabelecendo fluxos de trabalho e protocolos para preservação e digitalização. Elabora e supervisiona trabalhos de conservação e digitalização de acervos fotográficos na empresa L3. Docente em cursos de curta duração sobre Conservação Fotográfica e Preservação Digital desde 2014, em instituições como ABER, SENAI, CPC-USP, SESC e Escola Rever. Participa do Ateliê UVê, dedicado à pesquisa e produção artística em processos fotográficos históricos - em especial, a Cianotipia. Elabora projetos de ações culturais e é responsável pelo tratamento do acervo de fotografias digitais do Condomínio Cultural, em São Paulo.\nTrabalhou no Arquivo Histórico Wanda Svevo da Fundação Bienal de São Paulo (AHWS) entre 2011 e 2018, onde coordenou as equipes de tratamento da documentação iconográfica e audiovisual e de conservação durante o Projeto Acervos (2015 - 2018). Durante sua passagem pelo AHWS, participou do desenvolvimento de instrumentos para descrição e gerenciamento do acervo documental e da elaboração de protocolos para catalogação, reprodução digital e fluxo de trabalho com imagens digitais, buscando avançar no estabelecimento de protocolos para a preservação digital. Participou do curso SOIMA-LATAM 2014, Safeguarding of Sound and Image Collections, promovido pelo ICCROM no México. \nMora no distrito de São Bartolomeu - Ouro Preto - MG | rocha.gi@gmail.com | 11 984772975&quot;}" data-sheets-userformat="{&quot;2&quot;:769,&quot;3&quot;:{&quot;1&quot;:0},&quot;11&quot;:4,&quot;12&quot;:0}">Giselle Rocha photographs, preserves, thinks and makes culture, plants a little, cooks another, connects people and likes to make art out of it all. She dances whenever she can. And she tries to understand the world and the people around her. She also thinks that all this togetherness is her way of being politically in the world.</span></p>
<p>&nbsp;</p>
<p><span data-sheets-value="{&quot;1&quot;:2,&quot;2&quot;:&quot;Giselle Rocha é fotógrafa, graduada em Comunicação Social – Jornalismo pela PUC-MG e mestre em Artes Visuais pela UFMG. Conservadora de fotografias, atua na organização e preservação de acervos físicos e digitais, estabelecendo fluxos de trabalho e protocolos para preservação e digitalização. Elabora e supervisiona trabalhos de conservação e digitalização de acervos fotográficos na empresa L3. Docente em cursos de curta duração sobre Conservação Fotográfica e Preservação Digital desde 2014, em instituições como ABER, SENAI, CPC-USP, SESC e Escola Rever. Participa do Ateliê UVê, dedicado à pesquisa e produção artística em processos fotográficos históricos - em especial, a Cianotipia. Elabora projetos de ações culturais e é responsável pelo tratamento do acervo de fotografias digitais do Condomínio Cultural, em São Paulo.\nTrabalhou no Arquivo Histórico Wanda Svevo da Fundação Bienal de São Paulo (AHWS) entre 2011 e 2018, onde coordenou as equipes de tratamento da documentação iconográfica e audiovisual e de conservação durante o Projeto Acervos (2015 - 2018). Durante sua passagem pelo AHWS, participou do desenvolvimento de instrumentos para descrição e gerenciamento do acervo documental e da elaboração de protocolos para catalogação, reprodução digital e fluxo de trabalho com imagens digitais, buscando avançar no estabelecimento de protocolos para a preservação digital. Participou do curso SOIMA-LATAM 2014, Safeguarding of Sound and Image Collections, promovido pelo ICCROM no México. \nMora no distrito de São Bartolomeu - Ouro Preto - MG | rocha.gi@gmail.com | 11 984772975&quot;}" data-sheets-userformat="{&quot;2&quot;:769,&quot;3&quot;:{&quot;1&quot;:0},&quot;11&quot;:4,&quot;12&quot;:0}">Photographer, with a degree in Social Communication - Journalism from PUC-MG and a master's degree in Visual Arts from UFMG. She works in the organization and preservation of physical and digital collections, establishing workflows and protocols for preservation and digitization. She prepares and supervises conservation and digitization work on photographic collections at the company L3. She has been teaching short courses on Photographic Conservation and Digital Preservation since 2014, at institutions such as ABER, SENAI, CPC-USP, SESC and Escola Rever. She is a member of Ateliê UVê, dedicated to research and artistic production in historical photographic processes - especially cyanotype. She develops cultural action projects and is responsible for processing the digital photography collection at Condomínio Cultural in São Paulo.</span></p>
<p>&nbsp;</p>
<p>She lives in the district of São Bartolomeu - Ouro Preto - MG | rocha.gi@gmail.com | 11 984772975</p>
<p><a href="https://www.instagram.com/gisellerocha/" target="_blank" rel="noopener"><span data-sheets-value="{&quot;1&quot;:2,&quot;2&quot;:&quot;@gisellerocha (instagram)&quot;}" data-sheets-userformat="{&quot;2&quot;:769,&quot;3&quot;:{&quot;1&quot;:0},&quot;11&quot;:4,&quot;12&quot;:0}">@gisellerocha</span></a></p>
